x + l. Is -2 - 0 - (-1253 - x) a composite number?
False
Let x = 18395 - 2094. Is x composite?
False
Suppose 6*c = 68802 - 19902. Suppose q + 2571 = c. Is q a prime number?
False
Suppose 92*a - 97*a + 20 = 0. Suppose -264 = -h - 5*r + r, 1107 = a*h - r. Let p = -179 + h. Is p a composite number?
False
Let p(v) = -29379*v + 2293. Is p(-22) prime?
True
Is 1231715/1 - 1 - (-5334)/762 a composite number?
False
Suppose 0 = -y + 12050 + 5910. Is (-4)/(-6) - y/(-24) prime?
False
Let s = 11 + 23. Suppose -4*y + 8 = -0*y. Suppose -r = -2*h - 0*r + s, y*h - 3*r = 26. Is h a composite number?
False
Let k(h) be the second derivative of 19*h - 1/6*h**3 + 0 + 1/12*h**4 - 419/20*h**5 - h**2. Is k(-1) prime?
True
Suppose -2*n + 5*g - 43359 = -318333, -2*n - g = -274950. Is n prime?
True
Suppose 0 = -8*t - 9*t. Suppose 5*a + 8*g - 5*g - 3998 = t, -798 = -a + g. Is a composite?
True
Let z = 28608 - -113185. Is z a composite number?
False
Suppose -h - 5*h + 4188 = 0. Suppose 0 = -3*p + 61 + h. Suppose 9*d - 19594 = -p. Is d a prime number?
False
Let b(z) be the third derivative of 13/24*z**4 + 17/6*z**3 - 24*z**2 + 7/60*z**5 + 0 + 0*z. Is b(12) a prime number?
True
Let r = -14019 + 45140. Is r a prime number?
True
Let s(g) = 8577*g - 24. Let r be s(3). Suppose r - 87637 = -22*v. Is v prime?
False
Let p = -10913 + 10905. Let l(x) = -54*x + 5. Let v be l(5). Is v/(-3) + (-2)/24*p a composite number?
False
Let c(w) = -w**2 - 15*w + 40. Let n be c(-17). Suppose -3*f = -5*h + n*h - 35365, -3*f + 35373 = -3*h. Is f prime?
True
Is (-8509)/(-1) - 0/(-13) a prime number?
False
Let l = 139 + -147. Is 10/8 + l + (-73338)/(-24) prime?
True
Suppose -721*s + 3867801 = -714*s. Is s a composite number?
True
Is 42/56 - (-4112075)/76 composite?
True
Let l(n) = -n. Let s(r) = -r**3 - 3*r**2 - 6*r - 6. Let k(o) = -6*l(o) + s(o). Let a be k(-4). Suppose 20 = x + 5*y - a, -179 = -5*x + 4*y. Is x a prime number?
False
Suppose -5*q - 218322 + 706607 = 5*h, -3*h - 195344 = -2*q. Is q prime?
False
Let z = 94 + -89. Suppose 482 = t - 3*t - v, -z*v = -3*t - 736. Let p = 53 - t. Is p prime?
False
Let p = 1623327 - -169096. Is p composite?
False
Suppose 16 = -n + 5*n. Suppose 3*a = -2*m + 785, n*a + 11*m = 10*m + 1055. Is a a prime number?
False
Let h be (-2258)/(-4)*4/1. Suppose 2*r + h + 664 = 5*y, -2339 = -4*y + 3*r. Is (y/2 - -1)/((-2)/(-10)) a prime number?
False
Suppose -21106705 - 4292011 = -92*o. Is o composite?
True
Let u = -238 - -242. Let z be -2*1*63/(-14). Suppose 2595 = z*x - u*x. Is x a composite number?
True
Suppose -2*m - 233469 = -3*h + 162130, 10*h - 1318640 = 2*m. Is h composite?
True
Suppose -6355 = 72*d - 77*d. Let u = d - 754. Is u a composite number?
True
Suppose -688 = 4*h - h - 4*v, 3*h - v = -694. Let g = -1079 - -1510. Let d = g + h. Is d a prime number?
True
Suppose 78*g = 8448460 + 28690226. Is g a prime number?
True
Is 1/(5/1756410) + 61 + -56 a prime number?
True
Let q(x) = -4*x**2 + 17 - 2*x**2 - 7*x**2 + 17*x**2 - 6*x - 13*x**3 - 9*x**3. Is q(-5) a prime number?
True
Is (31 + 2013/(-66))/(-2 + (-60927)/(-30462)) a prime number?
True
Let k be (-3)/(-6) + 14647/(-2). Is k*(4 - (-13)/(-3)) a composite number?
False
Suppose -x + 33065 = -0*x + s, -4*s - 33070 = -x. Suppose -25*u + x = -7*u. Is u a composite number?
True
Let h(a) = -2*a + 29. Let z be h(-20). Suppose -z*f = -75*f + 22758. Is f prime?
True
Let l(g) = 12*g**2 + 14*g + 5. Let y be (-2*(-22)/4)/(2/4). Is l(y) prime?
True
Is (-602422)/(-5)*((-150)/72)/(150/(-180)) a prime number?
True
Suppose -4*f - 244*m + 249*m = -230456, 0 = -4*f + 4*m + 230456. Is f composite?
True
Let f(z) = -254*z**3 - 3 + 130*z**3 + 8*z**2 + 10*z + 129*z**3. Is f(10) composite?
False
Suppose 42*r - 45 = 51*r. Let b(y) = -10*y**3 + 7*y**2 + 5*y - 1. Is b(r) prime?
True
Suppose 124 + 119 = 9*p. Is 13422/p + (-2)/18 prime?
False
Let n = -485 - -480. Let y(a) = -668*a - 261. Is y(n) composite?
False
Let o(w) = -w + 5. Let j(d) = -3*d + 15. Let h(f) = 4*j(f) - 11*o(f). Let v be h(2). Suppose 389 = 5*l - 2*c, -v*l + c - 6*c + 252 = 0. Is l a prime number?
True
Let k = -32 + 41. Suppose 0*j = k*j - 2430. Let c = j + -149. Is c a composite number?
True
Let u = 75 - 73. Suppose u*q = -q, 0 = 4*f - 5*q - 8. Suppose -203 - 299 = -f*y. Is y composite?
False
Let w = -442 + -334. Let t = -430 - w. Let r = -87 + t. Is r a prime number?
False
Let w be 5 - (-72)/(-16) - (-822)/4. Let q = w - 168. Is q prime?
False
Suppose -8*v = -115 - 149. Suppose 34*b - 61 = v*b. Let z = b - 40. Is z prime?
False
Let d(z) be the second derivative of z**3/6 - 3*z**2/2 + 18*z. Let u be d(-4). Let w(r) = -6*r**3 + r**2 - 10*r - 24. Is w(u) prime?
True
Suppose 0 = -3*b - p - 4888, b - 6*b - 5*p - 8130 = 0. Let n = 2370 + b. Is n a prime number?
True
Is (931/(-49))/(-19)*(16669 + 0 + 0) a prime number?
False
Suppose -15*a + 4*a + 7601 = 0. Suppose 5*t = 2*d + 1153, -3*t = -d - d - a. Is t/1 + (13 + -5)/4 a prime number?
True
Let d be 21/14*4/3. Let b(l) = -4*l**2 - 5*l + 0*l**d + 10 + 15*l**2 + l**2. Is b(3) a prime number?
True
Let x = 65 - 61. Suppose x*f + 4*q = -0*q + 1464, 0 = -4*f - q + 1458. Suppose -8 = -2*s - 2, 3*s + f = w. Is w composite?
False
Let q(x) = x**2 - 15*x + 29. Let a be q(13). Suppose h - 308 = a*n, 412 = -2*n - 2*n + 2*h. Is (-3082)/(-12) - 17/n prime?
True
Suppose -10987 + 395558 = 11*z. Is z a prime number?
True
Let q be -5 + 1 - -6 - (2 + 43597). Let b = -22386 - q. Is b composite?
False
Let k = 496 + -479. Suppose -k*h + 45559 + 247062 = 0. Is h a prime number?
False
Is 1*2/(-2)*(-6 + -6 + -9041) prime?
False
Suppose -c - i = -0*i - 2, 24 = -2*c + 5*i. Let p be (12/(-3) - 12) + c. Let x = 71 - p. Is x a composite number?
False
Suppose 0 = c + 6, 31*c + 97789 = k + 28*c. Is k prime?
True
Suppose 5*u - 7*u + 1678 = 0. Let z = -2711 + 3953. Suppose z + u = s. Is s a prime number?
True
Let a = -84 + 470. Let c be 6*(1 + 4/(-6)). Suppose -c*r - 3*l = 3*r - 1966, 0 = r + 3*l - a. Is r prime?
False
Suppose s - 3*w + 10 = -0*s, 3*w - 8 = 2*s. Let l(m) = 5 + 14*m + 9*m**s - 3*m + 3*m + m. Is l(-7) prime?
False
Let f(q) be the second derivative of 504*q**3 - 31*q**2/2 - 17*q. Is f(1) a composite number?
True
Is 0 - 8/6 - 28965113/(-807) a prime number?
False
Let j(z) = -2 + 8*z + 0 - 8 - 5. Let v be j(5). Is (3 + 444)/(15/v) prime?
False
Let w(z) = -8*z + 8. Let s be w(0). Suppose s*v - v = v. Suppose x - 168 - 377 = v. Is x a prime number?
False
Let g = 5140 + 17459. Let s = g - 12592. Is s a composite number?
False
Suppose -b - 3 = 0, -6*q = -9*q + 3*b + 18. Suppose 5*h - p - 574 = 0, q*h - 455 = -h + 5*p. Is h composite?
True
Suppose 4*l = 3 + 21. Suppose 0 = -2*z + t + 14, -21 = 3*z - 8*z - t. Suppose 749 = l*v - z*v. Is v a composite number?
True
Suppose 13224 + 25648 = 8*j. Suppose -r + j = -810. Is r a prime number?
True
Suppose -10*k - 28 = -78. Let u be (1/(-2))/((-2)/148). Suppose u = 5*q + 2*g, k*q + 23 = 2*g + 56. Is q a composite number?
False
Let o(s) = 1583*s - 90. Is o(17) prime?
True
Suppose -41*u = -393 - 140. Suppose -23*s = -u*s - 32410. Is s a prime number?
False
Suppose 369*m = 353*m + 2805185 + 82703. Is m a composite number?
True
Let o be (0/(-3) - 2) + (2 - 0). Suppose 4*s - 1424 = 4*y, o = 4*y - 20 - 0. Is s a composite number?
True
Suppose -s - 7*z - 7 = -8*z, -3*s + z = 25. Let d(k) = -5*k**3 - 19*k**2 - 14*k - 11. Is d(s) a prime number?
True
Let y = 51522 + 36073. Is y a composite number?
True
Let c be -9*(-7)/63 + -4. Is ((-1207968)/(-88) - 1) + c/(-33) composite?
True
Let k(j) = -245*j - 129. Let a be k(-31). Suppose 5*d - 1589 - a = 0. Is d a prime number?
True
Suppose 2*x + 2*l - 4358 = 0, 165 = 3*l + 165. Is x a prime number?
True
Let q(l) = -27*l**3 - l**2 - 8*l - 7. Let y be q(-9). Suppose 0 = -10*j + y + 12263. Is j a prime number?
False
Let p = 151 + 2458. Is p a prime number?
True
Let q(g) = 12*g**3 - 16*g**2 + 18*g - 21. Let w be q(12). Suppose -12*y + w = -5*y. Is y a prime number?
False
Suppose -3*l + 12 = 0, 4*l - 25168 = -4*c - 0*l. Suppose -18240 + c = -4*h. Suppose -4*a - h = -4*i, -i = i + 2*a - 1478. Is i a prime number?
True
Let s(a) = 0*a**2 + 32 - 10*a - 2*a**2 - 19*a - 4*a**3 + 14*a. Is s(-9) a prime number?
False
Is (((-29049360)/108)/(-10))/(10/45) a prime number?
True
Let j(l) = 9*l**2 